 z be i(-4). Let s = w + z. List the prime factors of s.
5
Suppose -3*q = 4 + 5. What are the prime factors of 1 + -3 - (q + -10)?
11
Let q be 5*(16/10 + -1). Suppose 5*d - 2 = 23. Suppose -4*w + 16 = d*o, -q*o + 4*o + 2*w = 2. What are the prime factors of o?
2
Let b(m) = -m - 4. Let v be b(-8). Suppose 0 = i - 3*p - 13, 1 - 9 = -v*i + p. Suppose 2*f = i + 11. What are the prime factors of f?
2, 3
Suppose -a = -2*k + 95, k - 4*a = 2*k - 43. Suppose j = v + k, -2*j - 3*v = 3*j - 195. What are the prime factors of j?
2, 3, 7
Let h(v) be the first derivative of 0*v**3 - v - 9/4*v**4 + 1 + 0*v**2. List the prime factors of h(-1).
2
What are the prime factors of -498*(15/(-10) + 1)?
3, 83
List the prime factors of -3 + 5 + 113 - -4.
7, 17
Suppose 9 = a - 38. List the prime factors of a.
47
Let q(y) = -39*y + 3. List the prime factors of q(-1).
2, 3, 7
Let s = 0 - -4. Suppose -3*l + 2 = -s. List the prime factors of l.
2
Let p(z) = 5*z - 3. Let g be p(3). Suppose -g = -0*u - u. List the prime factors of u.
2, 3
Suppose 0 = 3*g - 15, -5*g + 47 = 5*a + 17. Let c(q) = 24*q - 1. List the prime factors of c(a).
23
Let w = 11 - -58. List the prime factors of w.
3, 23
Suppose 0 = 12*v - 17*v + 220. List the prime factors of v.
2, 11
Suppose 75 = -j + 4*j. Let q = j - 13. List the prime factors of q.
2, 3
Let g be (-1)/(2 - 33/15). Let k(h) = -g*h**3 - 6*h**2 + 3*h**3 + h**3 + 5 - 5*h. List the prime factors of k(-5).
5
Let j(g) = -2*g + 1. Let f be j(-2). Suppose -3*q - 2 = f*u - 19, -3*u = q + 1. What are the prime factors of q?
2, 7
Let a be (0 + 3/2)*2. Let u be (0 + 1)*(3 - a). Let w = 2 - u. What are the prime factors of w?
2
Suppose 4*o - 25 = 35. List the prime factors of o.
3, 5
Let u be (-9)/2*8/6. Let g(v) = -v**3 - 4*v**2 + 6*v - 4. List the prime factors of g(u).
2
Suppose 5*k - 14 - 1 = 0. Suppose -k*n = -4*n + 2. Let g(s) = 2*s**3 + 1. List the prime factors of g(n).
17
Let m = 1 + -6. Let q(v) = v**3 + 6*v**2 + 6*v + 1. Let b be q(m). What are the prime factors of (10 + b)/(2/3)?
3
Let h(b) = 8*b. Let m be h(1). Suppose -5*j + 4*j + m = 0. What are the prime factors of j?
2
Let o(n) = -n**3 + 7*n**2 - 5*n - 4. Let p be o(6). Let j(y) = 2*y**3 + y**2 + 2*y - 1. What are the prime factors of j(p)?
23
Let o(n) = n**3 - n**2 - 12*n + 3. List the prime factors of o(6).
3, 37
Let v(c) = 2*c**2 - 7*c + 1. Let t(a) = -a**2 + 4*a - 1. Let b(q) = -9*t(q) - 4*v(q). List the prime factors of b(9).
2, 7
Let w(g) = -g**2 - 6*g + 6. Let q be ((-5)/(-10))/((-1)/12). List the prime factors of w(q).
2, 3
Suppose -4*i = 2*a + 16, a - 5*a + 28 = -4*i. Suppose -h = 5*o - 73, 2*o + 26 = 4*o + a*h. What are the prime factors of o?
3, 5
Let u = -109 - -204. What are the prime factors of u?
5, 19
Let k(z) = z**2 + 5*z + 4. Let w be k(-5). Suppose -w*y - 31 = -3*y. Let h = y - -46. List the prime factors of h.
3, 5
Suppose -f - 105 = -5*g - 352, 0 = -3*f - 4*g + 703. List the prime factors of f.
3, 79
Let q(m) = -m**3 + 8*m**2 + 3*m - 6. Let c = 13 - 5. List the prime factors of q(c).
2, 3
Suppose 3*l + 2*l = 560. What are the prime factors of l?
2, 7
Suppose -8*z + 8 = -4*z. List the prime factors of (-19)/(-7) + z/7.
3
Suppose -5*t = 4*q + 19, q = -7*t + 3*t - 13. What are the prime factors of (1*-20 + q)/(-1)?
3, 7
Suppose 0*n = 5*n. Let y(s) = s + 19. Let b be y(n). Let g = b - 12. What are the prime factors of g?
7
Let h = 25 - -4. What are the prime factors of h?
29
Suppose 0 = 2*x - 9 + 1. Suppose -4*f - 4 = 0, -5*f + 29 = 5*g - x*f. List the prime factors of g.
2, 3
Let f(p) = p + 4. Suppose 0 = 5*i - 3*d - 15, -5*d + 2*d = 15. Let c be (-1 - i - -5) + 2. What are the prime factors of f(c)?
2, 5
Suppose 5*r = -5*n - 45, 4 - 41 = 5*n + 3*r. Let f = n - -7. Suppose 0 = 3*b - a + 2*a - 18, 3*a + 1 = f*b. What are the prime factors of b?
5
List the prime factors of 28/(-3)*(-168)/32.
7
Let h(w) = -6*w**2 + 3*w**2 + 2*w**2 - 2 + 5*w. Let c be h(4). List the prime factors of (c - 4/3)*9.
2, 3
Let a(n) = 1 - 3*n**2 - 3*n + 4*n + 13*n**2. Let k be a(-1). List the prime factors of (-8)/k*25/(-10).
2
Let z = -8 - 7. List the prime factors of (-9)/z + 57/5.
2, 3
Suppose -3*k - 2*k + 105 = z, -5*z + 499 = -k. Suppose 13*r = 8*r + z. What are the prime factors of r?
2, 5
Let p(q) = q**2 + 18*q + 20. Let a be 2*(-5)/((-20)/(-34)). List the prime factors of p(a).
3
Let i(o) = o**3 - 21*o**2 + 4*o - 30. List the prime factors of i(21).
2, 3
Let p be 1 + (-2)/1 + 3. Suppose 6*m = p*m + 44. Suppose 4*a - m = -2*b - 3, 0 = 2*b + 4. What are the prime factors of a?
3
Suppose -4*x + 2*x = -4. Suppose -x*a + 40 = -0*a - n, 0 = -n + 2. What are the prime factors of a?
3, 7
Let g = -356 - -499. What are the prime factors of g?
11, 13
Let g = 388 - 272. What are the prime factors of g?
2, 29
What are the prime factors of -1 + 1572/10 - 8/40?
2, 3, 13
Let u = 2 + 0. Let g be 30 - (-1)/u*-4. What are the prime factors of (g/(-3))/(4/(-6))?
2, 7
Suppose 2*i = -4*i + 330. Suppose -3*w + 5*g - 7 + 172 = 0, -w = -5*g - i. What are the prime factors of w?
5, 11
Let o be -3 + 2 + (0 - -3). Suppose 2*l - o = 0, -4*h + 32 = 5*l - 97. What are the prime factors of h?
31
Let m(n) = -n**2 - 6*n - 1. Let h be (-1)/(-6) - 148/24. Let p be m(h). List the prime factors of (0 - -2) + p + 3.
2
Let r = 386 + -240. What are the prime factors of r?
2, 73
Suppose 0 = -b + 5*b - 440. Suppose b = -7*f + 12*f. What are the prime factors of f?
2, 11
Suppose -t = 5*b + 17, 11 = -5*b - 4. Let r be t + -4*27/(-6). Suppose 5*j + 5*q = 40, -3*q + 5 = -4*j + r. What are the prime factors of j?
5
Let u = 198 - 106. List the prime factors of u.
2, 23
Suppose 96 = -6*g + 9*g. Let h(f) = f**2 - 2*f - 5. Let i be h(4). Suppose 0 = -2*s - 4*w, -5*s + w = i*w - g. List the prime factors of s.
2
Let f be (-62)/(-22) + 18/99. Suppose 0 = -n + f*n - 32. What are the prime factors of n?
2
Let z be (-2)/4 - 4/8. Let y be 0 - (z - 0) - -3. Suppose 2*a + 6 = y*a. What are the prime factors of a?
3
Let o = 25 + -18. What are the prime factors of o?
7
Let z(t) = t**3 - t**2 + t + 43. What are the prime factors of z(0)?
43
Suppose -2*j + 3*k = -2*k + 66, 3*k - 118 = 4*j. What are the prime factors of (-176)/j + (-4)/14?
2, 3
List the prime factors of 82/2 - (-2 - -2).
41
Let t(c) = 2*c**2 + 3*c - 3. List the prime factors of t(2).
11
Let h(s) = -2*s**2 - 4*s - 3. Let t be h(-2). Let d be 2/(2*(-1)/t). Let v = d + 1. What are the prime factors of v?
2
Suppose -15*y = -9*y - 102. List the prime factors of y.
17
Let u(r) be the second derivative of r**5/60 + r**4/4 - 4*r**3/3 - 3*r**2/2 + r. Let o(g) be the first derivative of u(g). List the prime factors of o(-8).
2
Suppose 3*u + 0*u = -114. Let j = 57 + u. Let y = j + -9. List the prime factors of y.
2, 5
Let x(q) = q**2 - 5*q + 2. Suppose -4*z + 4*m + 32 = -0*z, -z - 3*m = 0. List the prime factors of x(z).
2
What are the prime factors of (-5)/(25/(-1380)) - 2?
2, 137
Let t(z) = z + z**2 - 2*z**2 + 2*z**2. Let u be t(0). Suppose 4*k + 4*j = j + 30, -4*k + j + 22 = u. What are the prime factors of k?
2, 3
Let n be 534/27 + 4/18. Let z = n + -10. Let f = z - 5. List the prime factors of f.
5
Let g = -93 + 161. What are the prime factors of g?
2, 17
What are the prime factors of 940/25*(6 - 1)?
2, 47
Let z(v) be the second derivative of v**5/20 - v**4/2 + v**3/2 + 3*v**2 - 5*v. What are the prime factors of z(6)?
2, 3
Let x(b) be the first derivative of -b**2/2 + 4*b + 1. List the prime factors of x(-3).
7
Let b(z) = 5*z + 8. Let h(t) = -2*t**3 - t**2 + 3*t + 2. Let c be h(-2). List the prime factors of b(c).
2, 3
Suppose 6 = -0*h + 2*h. Suppose h*c = 1 + 38. What are the prime factors of c?
13
Let b = 264 - 99. List the prime factors of b.
3, 5, 11
Suppose -3*r - 10 = -4*j - r, 2*j - 2 = 4*r. Suppose -j*b + 5*g + 22 = 0, -2*b + 3*b = -3*g - 2. What are the prime factors of -2 + b/(-6)*-6?
2
Let u(y) = -y**3 - 9*y**2 - 10*y - 5. Suppose -5*o + 2 + 39 = -2*s, 4*s - 4*o + 52 = 0. What are the prime factors of u(s)?
11
Let t(y) = y**2 - 5*y. Let j be t(5). Suppose -2*c + 0*c = 5*f + 9, -5*f - 25 = j. List the prime factors of c.
2
Let z(h) = h**3 + h**2 + 2. Let v be z(0). Suppose 2*w = 6 + v. What are the prime factors of w?
2
Let y = 58 + 24. What are the prime factors of y?
2, 41